{"id":16762,"date":"2024-04-30T16:29:03","date_gmt":"2024-04-30T14:29:03","guid":{"rendered":"https:\/\/www.anglet-tourisme.com\/mobilitaet-und-transport\/"},"modified":"2025-04-18T14:45:59","modified_gmt":"2025-04-18T12:45:59","slug":"mobilitaet-und-transport","status":"publish","type":"page","link":"https:\/\/www.anglet-tourisme.com\/de\/mobilitaet-und-transport\/","title":{"rendered":"Mobilit\u00e4t und Transport"},"content":{"rendered":"\n<div class=\"wp-block-columns is-layout-flex wp-container-core-columns-is-layout-9d6595d7 wp-block-columns-is-layout-flex\">\n<div class=\"wp-block-column is-layout-flow wp-block-column-is-layout-flow\" style=\"flex-basis:33.33%\"><div class=\"highlight-bloc-container \" id=\"ts-block-65368af54ee28\"  >\n\t<div class=\"highlight-bloc-content\">\n\t\t<div class=\"acf-innerblocks-container\">\n\n<h1 class=\"wp-block-heading suptitle\">Mobilit\u00e4t und Transport<\/h1>\n\n<\/div>\t<\/div>\n<\/div>\n<\/div>\n\n\n\n<div class=\"wp-block-column is-layout-flow wp-block-column-is-layout-flow\" style=\"flex-basis:66.66%\">\n<p>Um nach Anglet zu kommen oder sich dort fortzubewegen, gibt es viele Transportm\u00f6glichkeiten.<\/p>\n\n\n\n<p>Anglet ist leicht mit dem Flugzeug (Flughafen Biarritz-Pays Basque 10 Minuten entfernt), mit dem Zug (TGV-Bahnh\u00f6fe Bayonne und Biarritz), mit dem Bus (Flixbus und das Txik Txak-Netz) und nat\u00fcrlich mit dem Auto (\u00fcber die Autobahnen A63 und A64) erreichbar und ist dennoch ein umwelt- und klimabewusstes Reiseziel mit entsprechenden Einrichtungen.<\/p>\n\n\n\n<p>Wenn Sie also w\u00e4hrend Ihres Aufenthalts auf Ihr Auto verzichten m\u00f6chten, setzen wir bereits seit einigen Jahren auf sanfte Mobilit\u00e4t: Selbstbedienungs-Elektrofahrr\u00e4der und Busse.<\/p>\n<\/div>\n<\/div>\n\n\n\n<div style=\"height:80px\" aria-hidden=\"true\" class=\"wp-block-spacer\"><\/div>\n\n\n\n<section class=\"wp-block-group alignwide has-orange-light-background-color has-background\"><div class=\"wp-block-group__inner-container is-layout-constrained wp-block-group-is-layout-constrained\">\n<div class=\"wp-block-columns is-layout-flex wp-container-core-columns-is-layout-9d6595d7 wp-block-columns-is-layout-flex\">\n<div class=\"wp-block-column is-layout-flow wp-block-column-is-layout-flow\"><div class=\"banner-container  text-shadow with-overlay btn-hover img-zoom\" id=\"ts-block-6629264d16d2a\"  >\n\t\t<a href=\"\/de\/mobilitaet-und-transport\/wie-koennen-sie-anreisen\/\" target=\"\">\n\t\t\t<div class=\"banner-content\">\n\n<div class=\"wp-block-cover has-custom-content-position is-position-top-left\" style=\"min-height:351px;aspect-ratio:unset;\"><img loading=\"lazy\" decoding=\"async\" width=\"2048\" height=\"1363\" class=\"wp-block-cover__image-background wp-image-2133\" alt=\"\" src=\"https:\/\/www.anglet-tourisme.com\/wp-content\/uploads\/2024\/05\/Trambus-Anglet-23-\u00a9-Mathieu-Prat-scaled.jpg\" data-object-fit=\"cover\" srcset=\"https:\/\/www.anglet-tourisme.com\/wp-content\/uploads\/2024\/05\/Trambus-Anglet-23-\u00a9-Mathieu-Prat-scaled.jpg 2048w, https:\/\/www.anglet-tourisme.com\/wp-content\/uploads\/2024\/05\/Trambus-Anglet-23-\u00a9-Mathieu-Prat-800x532.jpg 800w, https:\/\/www.anglet-tourisme.com\/wp-content\/uploads\/2024\/05\/Trambus-Anglet-23-\u00a9-Mathieu-Prat-1024x681.jpg 1024w, https:\/\/www.anglet-tourisme.com\/wp-content\/uploads\/2024\/05\/Trambus-Anglet-23-\u00a9-Mathieu-Prat-768x511.jpg 768w, https:\/\/www.anglet-tourisme.com\/wp-content\/uploads\/2024\/05\/Trambus-Anglet-23-\u00a9-Mathieu-Prat-1536x1022.jpg 1536w\" sizes=\"auto, (max-width: 2048px) 100vw, 2048px\" \/><span aria-hidden=\"true\" class=\"wp-block-cover__background has-background-dim\"><\/span><div class=\"wp-block-cover__inner-container is-layout-flow wp-block-cover-is-layout-flow\">\n<h3 class=\"wp-block-heading has-white-color has-text-color has-link-color wp-elements-6d12d5e5c9c43ccf34a0e7cf13f51cbc\">Wie k\u00f6nnen Sie anreisen?<\/h3>\n<\/div><\/div>\n\n<\/div>\t\t\t\t\t<div class=\"wp-block-button is-style-outline\">\n\t\t\t<button class=\"wp-block-button__link\">Entdecken Sie<\/button>\n\t\t<\/div>\n\t\t\t<\/a>\n\t\t<\/div>\n<\/div>\n\n\n\n<div class=\"wp-block-column is-layout-flow wp-block-column-is-layout-flow\"><div class=\"banner-container  text-shadow with-overlay btn-hover img-zoom\" id=\"ts-block-6629264d16e04\"  >\n\t\t<a href=\"\/de\/mobilitaet-und-transport\/bewegen\/\" target=\"\">\n\t\t\t<div class=\"banner-content\">\n\n<div class=\"wp-block-cover has-custom-content-position is-position-top-left\" style=\"min-height:350px;aspect-ratio:unset;\"><img loading=\"lazy\" decoding=\"async\" width=\"2000\" height=\"1333\" class=\"wp-block-cover__image-background wp-image-6955\" alt=\"\" src=\"https:\/\/www.anglet-tourisme.com\/wp-content\/uploads\/2024\/06\/Ballade-en-Velo-I-Love-Anglet_1RIB1144_\u00a9RiBLANC.jpg\" data-object-fit=\"cover\" srcset=\"https:\/\/www.anglet-tourisme.com\/wp-content\/uploads\/2024\/06\/Ballade-en-Velo-I-Love-Anglet_1RIB1144_\u00a9RiBLANC.jpg 2000w, https:\/\/www.anglet-tourisme.com\/wp-content\/uploads\/2024\/06\/Ballade-en-Velo-I-Love-Anglet_1RIB1144_\u00a9RiBLANC-800x533.jpg 800w, https:\/\/www.anglet-tourisme.com\/wp-content\/uploads\/2024\/06\/Ballade-en-Velo-I-Love-Anglet_1RIB1144_\u00a9RiBLANC-1024x682.jpg 1024w, https:\/\/www.anglet-tourisme.com\/wp-content\/uploads\/2024\/06\/Ballade-en-Velo-I-Love-Anglet_1RIB1144_\u00a9RiBLANC-768x512.jpg 768w, https:\/\/www.anglet-tourisme.com\/wp-content\/uploads\/2024\/06\/Ballade-en-Velo-I-Love-Anglet_1RIB1144_\u00a9RiBLANC-1536x1024.jpg 1536w\" sizes=\"auto, (max-width: 2000px) 100vw, 2000px\" \/><span aria-hidden=\"true\" class=\"wp-block-cover__background has-background-dim\"><\/span><div class=\"wp-block-cover__inner-container is-layout-flow wp-block-cover-is-layout-flow\">\n<h3 class=\"wp-block-heading has-white-color has-text-color has-link-color wp-elements-b84a7c04d2c67b47fb7901cad15b233d\">Bewegen<\/h3>\n<\/div><\/div>\n\n<\/div>\t\t\t\t\t<div class=\"wp-block-button is-style-outline\">\n\t\t\t<button class=\"wp-block-button__link\">Entdecken Sie<\/button>\n\t\t<\/div>\n\t\t\t<\/a>\n\t\t<\/div>\n<\/div>\n\n\n\n<div class=\"wp-block-column is-layout-flow wp-block-column-is-layout-flow\"><div class=\"banner-container  text-shadow with-overlay btn-hover img-zoom\" id=\"ts-block-6629264d16ec8\"  >\n\t\t<a href=\"\/de\/mobilitaet-und-transport\/parken\/\" target=\"\">\n\t\t\t<div class=\"banner-content\">\n\n<div class=\"wp-block-cover has-custom-content-position is-position-top-left\" style=\"min-height:350px;aspect-ratio:unset;\"><img loading=\"lazy\" decoding=\"async\" width=\"1334\" height=\"2000\" class=\"wp-block-cover__image-background wp-image-6921\" alt=\"\" src=\"https:\/\/www.anglet-tourisme.com\/wp-content\/uploads\/2024\/06\/Parking-Velo-La-Madrague-Anglet__RIB7998_\u00a9RiBLANC.jpg\" data-object-fit=\"cover\" srcset=\"https:\/\/www.anglet-tourisme.com\/wp-content\/uploads\/2024\/06\/Parking-Velo-La-Madrague-Anglet__RIB7998_\u00a9RiBLANC.jpg 1334w, https:\/\/www.anglet-tourisme.com\/wp-content\/uploads\/2024\/06\/Parking-Velo-La-Madrague-Anglet__RIB7998_\u00a9RiBLANC-400x600.jpg 400w, https:\/\/www.anglet-tourisme.com\/wp-content\/uploads\/2024\/06\/Parking-Velo-La-Madrague-Anglet__RIB7998_\u00a9RiBLANC-683x1024.jpg 683w, https:\/\/www.anglet-tourisme.com\/wp-content\/uploads\/2024\/06\/Parking-Velo-La-Madrague-Anglet__RIB7998_\u00a9RiBLANC-768x1151.jpg 768w, https:\/\/www.anglet-tourisme.com\/wp-content\/uploads\/2024\/06\/Parking-Velo-La-Madrague-Anglet__RIB7998_\u00a9RiBLANC-1025x1536.jpg 1025w\" sizes=\"auto, (max-width: 1334px) 100vw, 1334px\" \/><span aria-hidden=\"true\" class=\"wp-block-cover__background has-background-dim\"><\/span><div class=\"wp-block-cover__inner-container is-layout-flow wp-block-cover-is-layout-flow\">\n<h3 class=\"wp-block-heading has-white-color has-text-color has-link-color wp-elements-ea081a47af8b75523746f352bcfea6b1\">Parken<\/h3>\n<\/div><\/div>\n\n<\/div>\t\t\t\t\t<div class=\"wp-block-button is-style-outline\">\n\t\t\t<button class=\"wp-block-button__link\">Entdecken Sie<\/button>\n\t\t<\/div>\n\t\t\t<\/a>\n\t\t<\/div>\n<\/div>\n<\/div>\n<\/div><\/section>\n\n\n\n<div style=\"height:80px\" aria-hidden=\"true\" class=\"wp-block-spacer\"><\/div>\n\n\n\n<section class=\"wp-block-group alignwide has-light-green-background-color has-background\"><div class=\"wp-block-group__inner-container is-layout-constrained wp-block-group-is-layout-constrained\">\n<div class=\"wp-block-media-text has-media-on-the-right is-stacked-on-mobile is-image-fill-element\" style=\"grid-template-columns:auto 60%\"><div class=\"wp-block-media-text__content\"><div id=\"ts-block-66292da509805\"  class=\"title-bloc-container\">\n\t\t<div class=\"title-bloc-content\">\n\t\t<div class=\"title-bloc\" >\n\t\t\t<div class=\"acf-innerblocks-container\">\n\n<h2 class=\"wp-block-heading\">Ihr Urlaub in Reichweite<\/h2>\n\n<\/div>\t\t<\/div>\n\t\t\t<\/div>\n<\/div>\n\n\n\n<p>Hier finden Sie den perfekten Ort f\u00fcr Ihren Urlaub in Anglet! Die perfekte Unterkunft, um eine Pause zu machen! Top Lage, super niedliche Dekoration, nur wenige Schritte von den Str\u00e4nden entfernt und das Beste ist, es passt perfekt in Ihr Budget! Hier gibt es kein Z\u00f6gern, das ist klar, Sie wollen es unbedingt!   <\/p>\n\n\n\n<p>Mit dem Online-Reservierungsservice des Fremdenverkehrsamtes von Anglet ist diese Unterkunft nur einen Klick entfernt! Sie k\u00f6nnen 24 Stunden am Tag und 7 Tage die Woche in aller Ruhe und Sicherheit buchen. Brauchen Sie Hilfe oder Rat? Unsere Reiseberater sind f\u00fcr Sie da, um Sie w\u00e4hrend der \u00d6ffnungszeiten pers\u00f6nlich zu betreuen.   <\/p>\n\n\n\n<p><strong>Buchen Sie jetzt!<\/strong><\/p>\n\n\n\n<p>05 59 03 07 76 oder <a href=\"mailto:reservation@anglet-tourisme.com\">reservation@anglet-tourisme.com<\/a><\/p>\n\n\n\n<div style=\"height:25px\" aria-hidden=\"true\" class=\"wp-block-spacer\"><\/div>\n\n\n\n<div class=\"wp-block-buttons is-layout-flex wp-block-buttons-is-layout-flex\">\n<div class=\"wp-block-button is-style-outline is-style-outline--1\"><a class=\"wp-block-button__link wp-element-button\" href=\"https:\/\/www.anglet-tourisme.com\/de\/buchen-sie\/\">Online-Buchung<\/a><\/div>\n<\/div>\n<\/div><figure class=\"wp-block-media-text__media\"><img loading=\"lazy\" decoding=\"async\" width=\"1024\" height=\"683\" src=\"https:\/\/www.anglet-tourisme.com\/wp-content\/uploads\/2024\/04\/Balade-en-foret-Anglet__RIB7761_\u00a9RiBLANC-1024x683.jpg\" alt=\"\" class=\"wp-image-172 size-full\" style=\"object-position:64% 32%\" srcset=\"https:\/\/www.anglet-tourisme.com\/wp-content\/uploads\/2024\/04\/Balade-en-foret-Anglet__RIB7761_\u00a9RiBLANC-1024x683.jpg 1024w, https:\/\/www.anglet-tourisme.com\/wp-content\/uploads\/2024\/04\/Balade-en-foret-Anglet__RIB7761_\u00a9RiBLANC-800x534.jpg 800w, https:\/\/www.anglet-tourisme.com\/wp-content\/uploads\/2024\/04\/Balade-en-foret-Anglet__RIB7761_\u00a9RiBLANC-768x512.jpg 768w, https:\/\/www.anglet-tourisme.com\/wp-content\/uploads\/2024\/04\/Balade-en-foret-Anglet__RIB7761_\u00a9RiBLANC-1536x1025.jpg 1536w, https:\/\/www.anglet-tourisme.com\/wp-content\/uploads\/2024\/04\/Balade-en-foret-Anglet__RIB7761_\u00a9RiBLANC.jpg 2000w\" sizes=\"auto, (max-width: 1024px) 100vw, 1024px\" \/><\/figure><\/div>\n<\/div><\/section>\n","protected":false},"excerpt":{"rendered":"<p>Um nach Anglet zu kommen oder sich dort fortzubewegen, gibt es viele Transportm\u00f6glichkeiten. Anglet ist leicht mit dem Flugzeug (Flughafen Biarritz-Pays Basque 10 Minuten entfernt), mit dem Zug (TGV-Bahnh\u00f6fe Bayonne und Biarritz), mit dem Bus (Flixbus und das Txik Txak-Netz) und nat\u00fcrlich mit dem Auto (\u00fcber die Autobahnen A63 und [&hellip;]<\/p>\n","protected":false},"author":1,"featured_media":16763,"parent":0,"menu_order":0,"comment_status":"closed","ping_status":"closed","template":"","meta":{"_acf_changed":false,"_seopress_robots_primary_cat":"","_seopress_titles_title":"Mobilit\u00e4t und Transport in Anglet: Wie komme ich nach Anglet?","_seopress_titles_desc":"Haben Sie Fragen zur Mobilit\u00e4t und zum Transport in Anglet? Finden Sie Optionen, um nach Anglet zu kommen und sich in der Stadt leicht fortzubewegen.","_seopress_robots_index":"","footnotes":""},"class_list":["post-16762","page","type-page","status-publish","has-post-thumbnail"],"acf":[],"_links":{"self":[{"href":"https:\/\/www.anglet-tourisme.com\/de\/wp-json\/wp\/v2\/pages\/16762","targetHints":{"allow":["GET"]}}],"collection":[{"href":"https:\/\/www.anglet-tourisme.com\/de\/wp-json\/wp\/v2\/pages"}],"about":[{"href":"https:\/\/www.anglet-tourisme.com\/de\/wp-json\/wp\/v2\/types\/page"}],"author":[{"embeddable":true,"href":"https:\/\/www.anglet-tourisme.com\/de\/wp-json\/wp\/v2\/users\/1"}],"replies":[{"embeddable":true,"href":"https:\/\/www.anglet-tourisme.com\/de\/wp-json\/wp\/v2\/comments?post=16762"}],"version-history":[{"count":3,"href":"https:\/\/www.anglet-tourisme.com\/de\/wp-json\/wp\/v2\/pages\/16762\/revisions"}],"predecessor-version":[{"id":17493,"href":"https:\/\/www.anglet-tourisme.com\/de\/wp-json\/wp\/v2\/pages\/16762\/revisions\/17493"}],"wp:featuredmedia":[{"embeddable":true,"href":"https:\/\/www.anglet-tourisme.com\/de\/wp-json\/wp\/v2\/media\/16763"}],"wp:attachment":[{"href":"https:\/\/www.anglet-tourisme.com\/de\/wp-json\/wp\/v2\/media?parent=16762"}],"curies":[{"name":"wp","href":"https:\/\/api.w.org\/{rel}","templated":true}]}}

Mobilität und Transport

<div class="wp-block-columns is-layout-flex wp-container-core-columns-is-layout-9d6595d7 wp-block-columns-is-layout-flex">
<div class="wp-block-column is-layout-flow wp-block-column-is-layout-flow" style="flex-basis:33.33%"><div class="highlight-bloc-container " id="ts-block-65368af54ee28"  >
	<div class="highlight-bloc-content">
		<div class="acf-innerblocks-container">

<h1 class="wp-block-heading suptitle">Mobilität und Transport</h1>

</div>	</div>
</div>
</div>



<div class="wp-block-column is-layout-flow wp-block-column-is-layout-flow" style="flex-basis:66.66%">
<p>Um nach Anglet zu kommen oder sich dort fortzubewegen, gibt es viele Transportmöglichkeiten.</p>



<p>Anglet ist leicht mit dem Flugzeug (Flughafen Biarritz-Pays Basque 10 Minuten entfernt), mit dem Zug (TGV-Bahnhöfe Bayonne und Biarritz), mit dem Bus (Flixbus und das Txik Txak-Netz) und natürlich mit dem Auto (über die Autobahnen A63 und A64) erreichbar und ist dennoch ein umwelt- und klimabewusstes Reiseziel mit entsprechenden Einrichtungen.</p>



<p>Wenn Sie also während Ihres Aufenthalts auf Ihr Auto verzichten möchten, setzen wir bereits seit einigen Jahren auf sanfte Mobilität: Selbstbedienungs-Elektrofahrräder und Busse.</p>
</div>
</div>



<div style="height:80px" aria-hidden="true" class="wp-block-spacer"></div>



<section class="wp-block-group alignwide has-orange-light-background-color has-background"><div class="wp-block-group__inner-container is-layout-constrained wp-block-group-is-layout-constrained">
<div class="wp-block-columns is-layout-flex wp-container-core-columns-is-layout-9d6595d7 wp-block-columns-is-layout-flex">
<div class="wp-block-column is-layout-flow wp-block-column-is-layout-flow"><div class="banner-container  text-shadow with-overlay btn-hover img-zoom" id="ts-block-6629264d16d2a"  >
		<a href="/de/mobilitaet-und-transport/wie-koennen-sie-anreisen/" target="">
			<div class="banner-content">

<div class="wp-block-cover has-custom-content-position is-position-top-left" style="min-height:351px;aspect-ratio:unset;"><img loading="lazy" decoding="async" width="2048" height="1363" class="wp-block-cover__image-background wp-image-2133" alt="" src="https://www.anglet-tourisme.com/wp-content/uploads/2024/05/Trambus-Anglet-23-©-Mathieu-Prat-scaled.jpg" data-object-fit="cover" srcset="https://www.anglet-tourisme.com/wp-content/uploads/2024/05/Trambus-Anglet-23-©-Mathieu-Prat-scaled.jpg 2048w, https://www.anglet-tourisme.com/wp-content/uploads/2024/05/Trambus-Anglet-23-©-Mathieu-Prat-800x532.jpg 800w, https://www.anglet-tourisme.com/wp-content/uploads/2024/05/Trambus-Anglet-23-©-Mathieu-Prat-1024x681.jpg 1024w, https://www.anglet-tourisme.com/wp-content/uploads/2024/05/Trambus-Anglet-23-©-Mathieu-Prat-768x511.jpg 768w, https://www.anglet-tourisme.com/wp-content/uploads/2024/05/Trambus-Anglet-23-©-Mathieu-Prat-1536x1022.jpg 1536w" sizes="auto, (max-width: 2048px) 100vw, 2048px" /><span aria-hidden="true" class="wp-block-cover__background has-background-dim"></span><div class="wp-block-cover__inner-container is-layout-flow wp-block-cover-is-layout-flow">
<h3 class="wp-block-heading has-white-color has-text-color has-link-color wp-elements-6d12d5e5c9c43ccf34a0e7cf13f51cbc">Wie können Sie anreisen?</h3>
</div></div>

</div>					<div class="wp-block-button is-style-outline">
			<button class="wp-block-button__link">Entdecken Sie</button>
		</div>
			</a>
		</div>
</div>



<div class="wp-block-column is-layout-flow wp-block-column-is-layout-flow"><div class="banner-container  text-shadow with-overlay btn-hover img-zoom" id="ts-block-6629264d16e04"  >
		<a href="/de/mobilitaet-und-transport/bewegen/" target="">
			<div class="banner-content">

<div class="wp-block-cover has-custom-content-position is-position-top-left" style="min-height:350px;aspect-ratio:unset;"><img loading="lazy" decoding="async" width="2000" height="1333" class="wp-block-cover__image-background wp-image-6955" alt="" src="https://www.anglet-tourisme.com/wp-content/uploads/2024/06/Ballade-en-Velo-I-Love-Anglet_1RIB1144_©RiBLANC.jpg" data-object-fit="cover" srcset="https://www.anglet-tourisme.com/wp-content/uploads/2024/06/Ballade-en-Velo-I-Love-Anglet_1RIB1144_©RiBLANC.jpg 2000w, https://www.anglet-tourisme.com/wp-content/uploads/2024/06/Ballade-en-Velo-I-Love-Anglet_1RIB1144_©RiBLANC-800x533.jpg 800w, https://www.anglet-tourisme.com/wp-content/uploads/2024/06/Ballade-en-Velo-I-Love-Anglet_1RIB1144_©RiBLANC-1024x682.jpg 1024w, https://www.anglet-tourisme.com/wp-content/uploads/2024/06/Ballade-en-Velo-I-Love-Anglet_1RIB1144_©RiBLANC-768x512.jpg 768w, https://www.anglet-tourisme.com/wp-content/uploads/2024/06/Ballade-en-Velo-I-Love-Anglet_1RIB1144_©RiBLANC-1536x1024.jpg 1536w" sizes="auto, (max-width: 2000px) 100vw, 2000px" /><span aria-hidden="true" class="wp-block-cover__background has-background-dim"></span><div class="wp-block-cover__inner-container is-layout-flow wp-block-cover-is-layout-flow">
<h3 class="wp-block-heading has-white-color has-text-color has-link-color wp-elements-b84a7c04d2c67b47fb7901cad15b233d">Bewegen</h3>
</div></div>

</div>					<div class="wp-block-button is-style-outline">
			<button class="wp-block-button__link">Entdecken Sie</button>
		</div>
			</a>
		</div>
</div>



<div class="wp-block-column is-layout-flow wp-block-column-is-layout-flow"><div class="banner-container  text-shadow with-overlay btn-hover img-zoom" id="ts-block-6629264d16ec8"  >
		<a href="/de/mobilitaet-und-transport/parken/" target="">
			<div class="banner-content">

<div class="wp-block-cover has-custom-content-position is-position-top-left" style="min-height:350px;aspect-ratio:unset;"><img loading="lazy" decoding="async" width="1334" height="2000" class="wp-block-cover__image-background wp-image-6921" alt="" src="https://www.anglet-tourisme.com/wp-content/uploads/2024/06/Parking-Velo-La-Madrague-Anglet__RIB7998_©RiBLANC.jpg" data-object-fit="cover" srcset="https://www.anglet-tourisme.com/wp-content/uploads/2024/06/Parking-Velo-La-Madrague-Anglet__RIB7998_©RiBLANC.jpg 1334w, https://www.anglet-tourisme.com/wp-content/uploads/2024/06/Parking-Velo-La-Madrague-Anglet__RIB7998_©RiBLANC-400x600.jpg 400w, https://www.anglet-tourisme.com/wp-content/uploads/2024/06/Parking-Velo-La-Madrague-Anglet__RIB7998_©RiBLANC-683x1024.jpg 683w, https://www.anglet-tourisme.com/wp-content/uploads/2024/06/Parking-Velo-La-Madrague-Anglet__RIB7998_©RiBLANC-768x1151.jpg 768w, https://www.anglet-tourisme.com/wp-content/uploads/2024/06/Parking-Velo-La-Madrague-Anglet__RIB7998_©RiBLANC-1025x1536.jpg 1025w" sizes="auto, (max-width: 1334px) 100vw, 1334px" /><span aria-hidden="true" class="wp-block-cover__background has-background-dim"></span><div class="wp-block-cover__inner-container is-layout-flow wp-block-cover-is-layout-flow">
<h3 class="wp-block-heading has-white-color has-text-color has-link-color wp-elements-ea081a47af8b75523746f352bcfea6b1">Parken</h3>
</div></div>

</div>					<div class="wp-block-button is-style-outline">
			<button class="wp-block-button__link">Entdecken Sie</button>
		</div>
			</a>
		</div>
</div>
</div>
</div></section>



<div style="height:80px" aria-hidden="true" class="wp-block-spacer"></div>



<section class="wp-block-group alignwide has-light-green-background-color has-background"><div class="wp-block-group__inner-container is-layout-constrained wp-block-group-is-layout-constrained">
<div class="wp-block-media-text has-media-on-the-right is-stacked-on-mobile is-image-fill-element" style="grid-template-columns:auto 60%"><div class="wp-block-media-text__content"><div id="ts-block-66292da509805"  class="title-bloc-container">
		<div class="title-bloc-content">
		<div class="title-bloc" >
			<div class="acf-innerblocks-container">

<h2 class="wp-block-heading">Ihr Urlaub in Reichweite</h2>

</div>		</div>
			</div>
</div>



<p>Hier finden Sie den perfekten Ort für Ihren Urlaub in Anglet! Die perfekte Unterkunft, um eine Pause zu machen! Top Lage, super niedliche Dekoration, nur wenige Schritte von den Stränden entfernt und das Beste ist, es passt perfekt in Ihr Budget! Hier gibt es kein Zögern, das ist klar, Sie wollen es unbedingt!   </p>



<p>Mit dem Online-Reservierungsservice des Fremdenverkehrsamtes von Anglet ist diese Unterkunft nur einen Klick entfernt! Sie können 24 Stunden am Tag und 7 Tage die Woche in aller Ruhe und Sicherheit buchen. Brauchen Sie Hilfe oder Rat? Unsere Reiseberater sind für Sie da, um Sie während der Öffnungszeiten persönlich zu betreuen.   </p>



<p><strong>Buchen Sie jetzt!</strong></p>



<p>05 59 03 07 76 oder <a href="mailto:reservation@anglet-tourisme.com">reservation@anglet-tourisme.com</a></p>



<div style="height:25px" aria-hidden="true" class="wp-block-spacer"></div>



<div class="wp-block-buttons is-layout-flex wp-block-buttons-is-layout-flex">
<div class="wp-block-button is-style-outline is-style-outline--1"><a class="wp-block-button__link wp-element-button" href="https://www.anglet-tourisme.com/de/buchen-sie/">Online-Buchung</a></div>
</div>
</div><figure class="wp-block-media-text__media"><img loading="lazy" decoding="async" width="1024" height="683" src="https://www.anglet-tourisme.com/wp-content/uploads/2024/04/Balade-en-foret-Anglet__RIB7761_©RiBLANC-1024x683.jpg" alt="" class="wp-image-172 size-full" style="object-position:64% 32%" srcset="https://www.anglet-tourisme.com/wp-content/uploads/2024/04/Balade-en-foret-Anglet__RIB7761_©RiBLANC-1024x683.jpg 1024w, https://www.anglet-tourisme.com/wp-content/uploads/2024/04/Balade-en-foret-Anglet__RIB7761_©RiBLANC-800x534.jpg 800w, https://www.anglet-tourisme.com/wp-content/uploads/2024/04/Balade-en-foret-Anglet__RIB7761_©RiBLANC-768x512.jpg 768w, https://www.anglet-tourisme.com/wp-content/uploads/2024/04/Balade-en-foret-Anglet__RIB7761_©RiBLANC-1536x1025.jpg 1536w, https://www.anglet-tourisme.com/wp-content/uploads/2024/04/Balade-en-foret-Anglet__RIB7761_©RiBLANC.jpg 2000w" sizes="auto, (max-width: 1024px) 100vw, 1024px" /></figure></div>
</div></section>

<p>Um nach Anglet zu kommen oder sich dort fortzubewegen, gibt es viele Transportmöglichkeiten. Anglet ist leicht mit dem Flugzeug (Flughafen Biarritz-Pays Basque 10 Minuten entfernt), mit dem Zug (TGV-Bahnhöfe Bayonne und Biarritz), mit dem Bus (Flixbus und das Txik Txak-Netz) und natürlich mit dem Auto (über die Autobahnen A63 und [&hellip;]</p>

Mobilität und Transport in Anglet: Wie komme ich nach Anglet?

Haben Sie Fragen zur Mobilität und zum Transport in Anglet? Finden Sie Optionen, um nach Anglet zu kommen und sich in der Stadt leicht fortzubewegen.
